{"id":2,"date":"2024-06-20T18:54:46","date_gmt":"2024-06-20T16:54:46","guid":{"rendered":"https:\/\/www.prenatalgyncare.sk\/?page_id=2"},"modified":"2025-07-26T15:47:12","modified_gmt":"2025-07-26T13:47:12","slug":"ukazkova-stranka","status":"publish","type":"page","link":"https:\/\/www.prenatalgyncare.sk\/?page_id=2","title":{"rendered":"N\u00e1\u0161 t\u00edm"},"content":{"rendered":"\n<p><\/p>\n\n\n\n<p><\/p>\n\n\n\n<p class=\"has-medium-font-size\"><strong><em>Lek\u00e1r<\/em><\/strong><br><strong>MUDr. Michal Semivan<\/strong><\/p>\n\n\n\n<div class=\"wp-block-group\"><div class=\"wp-block-group__inner-container is-layout-constrained wp-block-group-is-layout-constrained\">\n<div class=\"wp-block-media-text is-stacked-on-mobile\"><figure class=\"wp-block-media-text__media\"><img loading=\"lazy\" decoding=\"async\" width=\"768\" height=\"1024\" src=\"https:\/\/www.prenatalgyncare.sk\/wp-content\/uploads\/2025\/07\/20250726_1512311-768x1024.jpg\" alt=\"\" class=\"wp-image-767 size-full\" srcset=\"https:\/\/www.prenatalgyncare.sk\/wp-content\/uploads\/2025\/07\/20250726_1512311-768x1025.jpg 768w, https:\/\/www.prenatalgyncare.sk\/wp-content\/uploads\/2025\/07\/20250726_1512311-225x300.jpg 225w, https:\/\/www.prenatalgyncare.sk\/wp-content\/uploads\/2025\/07\/20250726_1512311-1151x1536.jpg 1151w, https:\/\/www.prenatalgyncare.sk\/wp-content\/uploads\/2025\/07\/20250726_1512311-1535x2048.jpg 1535w, https:\/\/www.prenatalgyncare.sk\/wp-content\/uploads\/2025\/07\/20250726_1512311.jpg 1919w\" sizes=\"auto, (max-width: 768px) 100vw, 768px\" \/><\/figure><div class=\"wp-block-media-text__content\">\n<p>V roku 2012 ukon\u010dil \u0161t\u00fadium na Slovenskej zdravotn\u00edckej univerzite v Bratislave. \u0160pecializa\u010dn\u00fa sk\u00fa\u0161ku v odbore &#8222;Gynekol\u00f3gia a p\u00f4rodn\u00edctvo&#8220; absolvoval v roku 2018 a v roku 2023 \u010fal\u0161iu \u0161pecializa\u010dn\u00fa sk\u00fa\u0161ku v odbore &#8222;Ultrazvuk v gynekol\u00f3gii a p\u00f4rodn\u00edctve.&#8220;\u00a0<br><br>V rokoch 2012 \u2013 2014 pracoval v Univerzitnej nemocnici Bratislava na I. gynekologicko-p\u00f4rodn\u00edckej klinike. N\u00e1sledne p\u00f4sobil 2 roky v s\u00fakromnej gynekologicko-p\u00f4rodn\u00edckej nemocnici Koch v Bratislave. V Nemocnici Neratovice v \u010ceskej republike pracoval v rokoch 2016 a\u017e 2018. Od roku 2015 sa venuje ultrazvukov\u00fdm skr\u00edningov\u00fdm vy\u0161etreniam. Od 1. j\u00fana 2018 do 31.12.2024 pracoval ako gynekol\u00f3g v ambulancii v ProCare Central. Moment\u00e1lne pracuje ako gynekol\u00f3g v na\u0161ej ambulancii. <br><br>Gynekologick\u00fa opera\u010dn\u00fa diagnostiku a lie\u010dbu vykon\u00e1va v Gynekologicko-p\u00f4rodn\u00edckej nemocnici &#8211; Sanat\u00f3rium Koch v Bratislave.<br><br>Absolvovan\u00e9 kurzy a \u0161kolenia:<br>The Fetal Medicine Foundation \u2013 Certificate of Competence (11. \u2013 13. week scan, FMF ID: 138646)<br>The Fetal Medicine Foundation \u2013 Certificate of Competence (Preeklampsia screening)<br>The Fetal Medicine Foundation \u2013 Certificate of Competence (Cervical assessment)<br>Vienna International School of Ultra Sonography<br>Kurz &#8211; 1. LF UK a VFN Praha \u2013 z\u00e1kladn\u00e9 a konzili\u00e1rne ultrazvukov\u00e9 vy\u0161etrenia v tehotenstve<br>Fetal Cardio Cracow Course<br>CERTIFIKOVAN\u00dd KURZ \u010cGPS \u010cLS JEP &#8211; &#8222;Dopplerovsk\u00e9 hodnocen\u00ed pr\u016ftoku ve fet\u00e1ln\u00edch a placent\u00e1rn\u00edch c\u00e9v\u00e1ch&#8220; + &#8222;Prenat\u00e1ln\u00ed p\u00e9\u010de o v\u00edce\u010detn\u00e1 t\u011bhotenstv\u00ed&#8220;<br>Modern\u00e1 gynekologick\u00e1 a p\u00f4rodn\u00edcka sonografia v ambulantnej a hospitaliza\u010dnej praxi.<br>International Academy of Medical Ultrasound &#8211; Diagnostika vroden\u00fdch v\u00fdvojov\u00fdch ch\u00fdb v prvom a druhom trimestri.<\/p>\n<\/div><\/div>\n<\/div><\/div>\n\n\n\n<p><\/p>\n\n\n\n<p><\/p>\n\n\n\n<p><\/p>\n\n\n\n<div class=\"wp-block-group\"><div class=\"wp-block-group__inner-container is-layout-constrained wp-block-group-is-layout-constrained\">\n<p class=\"has-medium-font-size\"><strong><em>Zdravotn\u00e1 sestra<br>Anna Kratinov\u00e1<\/em><\/strong><\/p>\n<\/div><\/div>\n\n\n\n<p class=\"has-medium-font-size\">V rokoch 1998-2002 \u0161tudovala na Strednej zdravotn\u00edckej \u0161kole vo Svidn\u00edku odbor v\u0161eobecn\u00e1 sestra. V rokoch 2002 &#8211; 2006 pracovala vo Fakultnej Thomayerovej nemocnici v Prahe. Obdobie rokov 2006 &#8211; 2012 v Nemocnici s poliklinikou Svidn\u00edk. \u010eal\u0161ie 2 roky p\u00f4sobila ako opatrovate\u013eka v Lond\u00fdne. Od r.2021 do roku 2024 pracovala v s\u00fakromnej gynekologickej ambulancii MUDr. Alexandra Bodn\u00e1ra v Bratislave. Aktu\u00e1lne je zdravotnou sestrou na\u0161ej ambulancii.<\/p>\n\n\n\n<p><\/p>\n","protected":false},"excerpt":{"rendered":"<p>Lek\u00e1rMUDr. Michal Semivan V roku 2012 ukon\u010dil \u0161t\u00fadium na Slovenskej zdravotn\u00edckej univerzite v Bratislave. \u0160pecializa\u010dn\u00fa sk\u00fa\u0161ku v odbore &#8222;Gynekol\u00f3gia a p\u00f4rodn\u00edctvo&#8220; absolvoval v roku 2018 a v roku 2023 \u010fal\u0161iu \u0161pecializa\u010dn\u00fa sk\u00fa\u0161ku v odbore &#8222;Ultrazvuk v gynekol\u00f3gii a p\u00f4rodn\u00edctve.&#8220;\u00a0 V rokoch 2012 \u2013 2014 pracoval v Univerzitnej nemocnici Bratislava na I. gynekologicko-p\u00f4rodn\u00edckej klinike. N\u00e1sledne p\u00f4sobil [&hellip;]<\/p>\n","protected":false},"author":1,"featured_media":0,"parent":0,"menu_order":0,"comment_status":"closed","ping_status":"open","template":"","meta":{"om_disable_all_campaigns":false,"_monsterinsights_skip_tracking":false,"_monsterinsights_sitenote_active":false,"_monsterinsights_sitenote_note":"","_monsterinsights_sitenote_category":0,"_uf_show_specific_survey":0,"_uf_disable_surveys":false,"footnotes":""},"class_list":["post-2","page","type-page","status-publish","hentry"],"aioseo_notices":[],"yoast_head":"<!-- This site is optimized with the Yoast SEO plugin v27.4 - https:\/\/yoast.com\/product\/yoast-seo-wordpress\/ -->\n<title>N\u00e1\u0161 t\u00edm - PrenatalGyn Care<\/title>\n<meta name=\"robots\" content=\"index, follow, max-snippet:-1, max-image-preview:large, max-video-preview:-1\" \/>\n<link rel=\"canonical\" href=\"https:\/\/www.prenatalgyncare.sk\/?page_id=2\" \/>\n<meta property=\"og:locale\" content=\"sk_SK\" \/>\n<meta property=\"og:type\" content=\"article\" \/>\n<meta property=\"og:title\" content=\"N\u00e1\u0161 t\u00edm - PrenatalGyn Care\" \/>\n<meta property=\"og:description\" content=\"Lek\u00e1rMUDr. Michal Semivan V roku 2012 ukon\u010dil \u0161t\u00fadium na Slovenskej zdravotn\u00edckej univerzite v Bratislave. \u0160pecializa\u010dn\u00fa sk\u00fa\u0161ku v odbore &#8222;Gynekol\u00f3gia a p\u00f4rodn\u00edctvo&#8220; absolvoval v roku 2018 a v roku 2023 \u010fal\u0161iu \u0161pecializa\u010dn\u00fa sk\u00fa\u0161ku v odbore &#8222;Ultrazvuk v gynekol\u00f3gii a p\u00f4rodn\u00edctve.&#8220;\u00a0 V rokoch 2012 \u2013 2014 pracoval v Univerzitnej nemocnici Bratislava na I. gynekologicko-p\u00f4rodn\u00edckej klinike. N\u00e1sledne p\u00f4sobil [&hellip;]\" \/>\n<meta property=\"og:url\" content=\"https:\/\/www.prenatalgyncare.sk\/?page_id=2\" \/>\n<meta property=\"og:site_name\" content=\"PrenatalGyn Care\" \/>\n<meta property=\"article:modified_time\" content=\"2025-07-26T13:47:12+00:00\" \/>\n<meta property=\"og:image\" content=\"https:\/\/www.prenatalgyncare.sk\/wp-content\/uploads\/2025\/07\/20250726_1512311.jpg\" \/>\n\t<meta property=\"og:image:width\" content=\"1919\" \/>\n\t<meta property=\"og:image:height\" content=\"2560\" \/>\n\t<meta property=\"og:image:type\" content=\"image\/jpeg\" \/>\n<meta name=\"twitter:card\" content=\"summary_large_image\" \/>\n<meta name=\"twitter:label1\" content=\"Predpokladan\u00fd \u010das \u010d\u00edtania\" \/>\n\t<meta name=\"twitter:data1\" content=\"2 min\u00faty\" \/>\n<script type=\"application\/ld+json\" class=\"yoast-schema-graph\">{\"@context\":\"https:\\\/\\\/schema.org\",\"@graph\":[{\"@type\":\"WebPage\",\"@id\":\"https:\\\/\\\/www.prenatalgyncare.sk\\\/?page_id=2\",\"url\":\"https:\\\/\\\/www.prenatalgyncare.sk\\\/?page_id=2\",\"name\":\"N\u00e1\u0161 t\u00edm - PrenatalGyn Care\",\"isPartOf\":{\"@id\":\"https:\\\/\\\/www.prenatalgyncare.sk\\\/#website\"},\"primaryImageOfPage\":{\"@id\":\"https:\\\/\\\/www.prenatalgyncare.sk\\\/?page_id=2#primaryimage\"},\"image\":{\"@id\":\"https:\\\/\\\/www.prenatalgyncare.sk\\\/?page_id=2#primaryimage\"},\"thumbnailUrl\":\"https:\\\/\\\/www.prenatalgyncare.sk\\\/wp-content\\\/uploads\\\/2025\\\/07\\\/20250726_1512311-768x1024.jpg\",\"datePublished\":\"2024-06-20T16:54:46+00:00\",\"dateModified\":\"2025-07-26T13:47:12+00:00\",\"breadcrumb\":{\"@id\":\"https:\\\/\\\/www.prenatalgyncare.sk\\\/?page_id=2#breadcrumb\"},\"inLanguage\":\"sk-SK\",\"potentialAction\":[{\"@type\":\"ReadAction\",\"target\":[\"https:\\\/\\\/www.prenatalgyncare.sk\\\/?page_id=2\"]}]},{\"@type\":\"ImageObject\",\"inLanguage\":\"sk-SK\",\"@id\":\"https:\\\/\\\/www.prenatalgyncare.sk\\\/?page_id=2#primaryimage\",\"url\":\"https:\\\/\\\/www.prenatalgyncare.sk\\\/wp-content\\\/uploads\\\/2025\\\/07\\\/20250726_1512311.jpg\",\"contentUrl\":\"https:\\\/\\\/www.prenatalgyncare.sk\\\/wp-content\\\/uploads\\\/2025\\\/07\\\/20250726_1512311.jpg\",\"width\":1919,\"height\":2560},{\"@type\":\"BreadcrumbList\",\"@id\":\"https:\\\/\\\/www.prenatalgyncare.sk\\\/?page_id=2#breadcrumb\",\"itemListElement\":[{\"@type\":\"ListItem\",\"position\":1,\"name\":\"Home\",\"item\":\"https:\\\/\\\/www.prenatalgyncare.sk\\\/\"},{\"@type\":\"ListItem\",\"position\":2,\"name\":\"N\u00e1\u0161 t\u00edm\"}]},{\"@type\":\"WebSite\",\"@id\":\"https:\\\/\\\/www.prenatalgyncare.sk\\\/#website\",\"url\":\"https:\\\/\\\/www.prenatalgyncare.sk\\\/\",\"name\":\"PrenatalGyn Care\",\"description\":\"\",\"publisher\":{\"@id\":\"https:\\\/\\\/www.prenatalgyncare.sk\\\/#organization\"},\"potentialAction\":[{\"@type\":\"SearchAction\",\"target\":{\"@type\":\"EntryPoint\",\"urlTemplate\":\"https:\\\/\\\/www.prenatalgyncare.sk\\\/?s={search_term_string}\"},\"query-input\":{\"@type\":\"PropertyValueSpecification\",\"valueRequired\":true,\"valueName\":\"search_term_string\"}}],\"inLanguage\":\"sk-SK\"},{\"@type\":\"Organization\",\"@id\":\"https:\\\/\\\/www.prenatalgyncare.sk\\\/#organization\",\"name\":\"PrenatalGyn Care\",\"url\":\"https:\\\/\\\/www.prenatalgyncare.sk\\\/\",\"logo\":{\"@type\":\"ImageObject\",\"inLanguage\":\"sk-SK\",\"@id\":\"https:\\\/\\\/www.prenatalgyncare.sk\\\/#\\\/schema\\\/logo\\\/image\\\/\",\"url\":\"https:\\\/\\\/www.prenatalgyncare.sk\\\/wp-content\\\/uploads\\\/2024\\\/06\\\/cropped-LOGO-PGC-s-nazvom.png\",\"contentUrl\":\"https:\\\/\\\/www.prenatalgyncare.sk\\\/wp-content\\\/uploads\\\/2024\\\/06\\\/cropped-LOGO-PGC-s-nazvom.png\",\"width\":512,\"height\":512,\"caption\":\"PrenatalGyn Care\"},\"image\":{\"@id\":\"https:\\\/\\\/www.prenatalgyncare.sk\\\/#\\\/schema\\\/logo\\\/image\\\/\"}}]}<\/script>\n<!-- \/ Yoast SEO plugin. -->","yoast_head_json":{"title":"N\u00e1\u0161 t\u00edm - PrenatalGyn Care","robots":{"index":"index","follow":"follow","max-snippet":"max-snippet:-1","max-image-preview":"max-image-preview:large","max-video-preview":"max-video-preview:-1"},"canonical":"https:\/\/www.prenatalgyncare.sk\/?page_id=2","og_locale":"sk_SK","og_type":"article","og_title":"N\u00e1\u0161 t\u00edm - PrenatalGyn Care","og_description":"Lek\u00e1rMUDr. Michal Semivan V roku 2012 ukon\u010dil \u0161t\u00fadium na Slovenskej zdravotn\u00edckej univerzite v Bratislave. \u0160pecializa\u010dn\u00fa sk\u00fa\u0161ku v odbore &#8222;Gynekol\u00f3gia a p\u00f4rodn\u00edctvo&#8220; absolvoval v roku 2018 a v roku 2023 \u010fal\u0161iu \u0161pecializa\u010dn\u00fa sk\u00fa\u0161ku v odbore &#8222;Ultrazvuk v gynekol\u00f3gii a p\u00f4rodn\u00edctve.&#8220;\u00a0 V rokoch 2012 \u2013 2014 pracoval v Univerzitnej nemocnici Bratislava na I. gynekologicko-p\u00f4rodn\u00edckej klinike. N\u00e1sledne p\u00f4sobil [&hellip;]","og_url":"https:\/\/www.prenatalgyncare.sk\/?page_id=2","og_site_name":"PrenatalGyn Care","article_modified_time":"2025-07-26T13:47:12+00:00","og_image":[{"width":1919,"height":2560,"url":"https:\/\/www.prenatalgyncare.sk\/wp-content\/uploads\/2025\/07\/20250726_1512311.jpg","type":"image\/jpeg"}],"twitter_card":"summary_large_image","twitter_misc":{"Predpokladan\u00fd \u010das \u010d\u00edtania":"2 min\u00faty"},"schema":{"@context":"https:\/\/schema.org","@graph":[{"@type":"WebPage","@id":"https:\/\/www.prenatalgyncare.sk\/?page_id=2","url":"https:\/\/www.prenatalgyncare.sk\/?page_id=2","name":"N\u00e1\u0161 t\u00edm - PrenatalGyn Care","isPartOf":{"@id":"https:\/\/www.prenatalgyncare.sk\/#website"},"primaryImageOfPage":{"@id":"https:\/\/www.prenatalgyncare.sk\/?page_id=2#primaryimage"},"image":{"@id":"https:\/\/www.prenatalgyncare.sk\/?page_id=2#primaryimage"},"thumbnailUrl":"https:\/\/www.prenatalgyncare.sk\/wp-content\/uploads\/2025\/07\/20250726_1512311-768x1024.jpg","datePublished":"2024-06-20T16:54:46+00:00","dateModified":"2025-07-26T13:47:12+00:00","breadcrumb":{"@id":"https:\/\/www.prenatalgyncare.sk\/?page_id=2#breadcrumb"},"inLanguage":"sk-SK","potentialAction":[{"@type":"ReadAction","target":["https:\/\/www.prenatalgyncare.sk\/?page_id=2"]}]},{"@type":"ImageObject","inLanguage":"sk-SK","@id":"https:\/\/www.prenatalgyncare.sk\/?page_id=2#primaryimage","url":"https:\/\/www.prenatalgyncare.sk\/wp-content\/uploads\/2025\/07\/20250726_1512311.jpg","contentUrl":"https:\/\/www.prenatalgyncare.sk\/wp-content\/uploads\/2025\/07\/20250726_1512311.jpg","width":1919,"height":2560},{"@type":"BreadcrumbList","@id":"https:\/\/www.prenatalgyncare.sk\/?page_id=2#breadcrumb","itemListElement":[{"@type":"ListItem","position":1,"name":"Home","item":"https:\/\/www.prenatalgyncare.sk\/"},{"@type":"ListItem","position":2,"name":"N\u00e1\u0161 t\u00edm"}]},{"@type":"WebSite","@id":"https:\/\/www.prenatalgyncare.sk\/#website","url":"https:\/\/www.prenatalgyncare.sk\/","name":"PrenatalGyn Care","description":"","publisher":{"@id":"https:\/\/www.prenatalgyncare.sk\/#organization"},"potentialAction":[{"@type":"SearchAction","target":{"@type":"EntryPoint","urlTemplate":"https:\/\/www.prenatalgyncare.sk\/?s={search_term_string}"},"query-input":{"@type":"PropertyValueSpecification","valueRequired":true,"valueName":"search_term_string"}}],"inLanguage":"sk-SK"},{"@type":"Organization","@id":"https:\/\/www.prenatalgyncare.sk\/#organization","name":"PrenatalGyn Care","url":"https:\/\/www.prenatalgyncare.sk\/","logo":{"@type":"ImageObject","inLanguage":"sk-SK","@id":"https:\/\/www.prenatalgyncare.sk\/#\/schema\/logo\/image\/","url":"https:\/\/www.prenatalgyncare.sk\/wp-content\/uploads\/2024\/06\/cropped-LOGO-PGC-s-nazvom.png","contentUrl":"https:\/\/www.prenatalgyncare.sk\/wp-content\/uploads\/2024\/06\/cropped-LOGO-PGC-s-nazvom.png","width":512,"height":512,"caption":"PrenatalGyn Care"},"image":{"@id":"https:\/\/www.prenatalgyncare.sk\/#\/schema\/logo\/image\/"}}]}},"_links":{"self":[{"href":"https:\/\/www.prenatalgyncare.sk\/index.php?rest_route=\/wp\/v2\/pages\/2","targetHints":{"allow":["GET"]}}],"collection":[{"href":"https:\/\/www.prenatalgyncare.sk\/index.php?rest_route=\/wp\/v2\/pages"}],"about":[{"href":"https:\/\/www.prenatalgyncare.sk\/index.php?rest_route=\/wp\/v2\/types\/page"}],"author":[{"embeddable":true,"href":"https:\/\/www.prenatalgyncare.sk\/index.php?rest_route=\/wp\/v2\/users\/1"}],"replies":[{"embeddable":true,"href":"https:\/\/www.prenatalgyncare.sk\/index.php?rest_route=%2Fwp%2Fv2%2Fcomments&post=2"}],"version-history":[{"count":5,"href":"https:\/\/www.prenatalgyncare.sk\/index.php?rest_route=\/wp\/v2\/pages\/2\/revisions"}],"predecessor-version":[{"id":768,"href":"https:\/\/www.prenatalgyncare.sk\/index.php?rest_route=\/wp\/v2\/pages\/2\/revisions\/768"}],"wp:attachment":[{"href":"https:\/\/www.prenatalgyncare.sk\/index.php?rest_route=%2Fwp%2Fv2%2Fmedia&parent=2"}],"curies":[{"name":"wp","href":"https:\/\/api.w.org\/{rel}","templated":true}]}}