{"id":600,"date":"2025-05-21T14:50:38","date_gmt":"2025-05-21T12:50:38","guid":{"rendered":"https:\/\/www.prenatalgyncare.sk\/?page_id=600"},"modified":"2025-05-21T14:50:40","modified_gmt":"2025-05-21T12:50:40","slug":"vybrane-abnormalne-cytologicke-nalezy","status":"publish","type":"page","link":"https:\/\/www.prenatalgyncare.sk\/?page_id=600","title":{"rendered":"Vybran\u00e9 abnorm\u00e1lne cytologick\u00e9 n\u00e1lezy"},"content":{"rendered":"\n<p><\/p>\n\n\n\n<p class=\"has-medium-font-size\">ASC-US<\/p>\n\n\n\n<p>N\u00e1lez abnorm\u00e1lnych buniek v tkanive, ktor\u00e9 lemuj\u00fa vonkaj\u0161iu \u010das\u0165 kr\u010dka maternice. ASC-US je naj\u010dastej\u0161\u00edm abnorm\u00e1lnym cytologick\u00fdm n\u00e1lezom (z anglick\u00e9ho \u201eatypical squamous cells of undetermined significance\u201c).<\/p>\n\n\n\n<p class=\"has-medium-font-size\">L-SIL<\/p>\n\n\n\n<p>Oblas\u0165 abnorm\u00e1lnych buniek, ktor\u00e9 v mikroskope vyzeraj\u00fa mierne abnorm\u00e1lne. N\u00e1lez L-SILsa \u010dasto uprav\u00ed bez lie\u010dby, ale niekedy sa m\u00f4\u017ee vyvin\u00fa\u0165 do rakoviny a roz\u0161\u00edri\u0165 sa do bl\u00edzkeho tkaniva. (Z anglick\u00e9ho \u201e low-grade squamous intraepithelial lesion.\u201c)<\/p>\n\n\n\n<p class=\"has-medium-font-size\">H-SIL&nbsp;<\/p>\n\n\n\n<p>Oblas\u0165 abnorm\u00e1lnych buniek kr\u010dka maternice, ktor\u00e9 vyzeraj\u00fa pri poh\u013eade pod mikroskopom trochu a\u017e ve\u013emi abnorm\u00e1lne. Zvy\u010dajne s\u00fa sp\u00f4soben\u00e9 chronickou infekciou ur\u010dit\u00fdmi typmi \u013eudsk\u00e9ho papilomav\u00edrusu (HPV) a zistia sa, ke\u010f sa vykon\u00e1 Pap test alebo biopsia. Ak sa tieto abnorm\u00e1lne bunky nelie\u010dia, m\u00f4\u017eu sa sta\u0165 rakovinou a roz\u0161\u00edri\u0165 sa do bl\u00edzkeho tkaniva. HSIL sa niekedy naz\u00fdva stredn\u00e1 alebo \u0165a\u017ek\u00e1 dyspl\u00e1zia. (Z anglick\u00e9ho \u201e high-grade squamous intraepithelial lesion.\u201c)<\/p>\n\n\n\n<figure class=\"wp-block-image size-full\"><img loading=\"lazy\" decoding=\"async\" width=\"893\" height=\"459\" src=\"https:\/\/www.prenatalgyncare.sk\/wp-content\/uploads\/2025\/05\/image.jpg\" alt=\"\" class=\"wp-image-601\" srcset=\"https:\/\/www.prenatalgyncare.sk\/wp-content\/uploads\/2025\/05\/image.jpg 893w, https:\/\/www.prenatalgyncare.sk\/wp-content\/uploads\/2025\/05\/image-300x154.jpg 300w, https:\/\/www.prenatalgyncare.sk\/wp-content\/uploads\/2025\/05\/image-768x395.jpg 768w\" sizes=\"auto, (max-width: 893px) 100vw, 893px\" \/><\/figure>\n\n\n\n<p style=\"font-size:8px\">zdroj: <a href=\"https:\/\/www.cancer.gov\">https:\/\/www.cancer.gov<\/a><\/p>\n\n\n\n<p><\/p>\n","protected":false},"excerpt":{"rendered":"<p>ASC-US N\u00e1lez abnorm\u00e1lnych buniek v tkanive, ktor\u00e9 lemuj\u00fa vonkaj\u0161iu \u010das\u0165 kr\u010dka maternice. ASC-US je naj\u010dastej\u0161\u00edm abnorm\u00e1lnym cytologick\u00fdm n\u00e1lezom (z anglick\u00e9ho \u201eatypical squamous cells of undetermined significance\u201c). L-SIL Oblas\u0165 abnorm\u00e1lnych buniek, ktor\u00e9 v mikroskope vyzeraj\u00fa mierne abnorm\u00e1lne. N\u00e1lez L-SILsa \u010dasto uprav\u00ed bez lie\u010dby, ale niekedy sa m\u00f4\u017ee vyvin\u00fa\u0165 do rakoviny a roz\u0161\u00edri\u0165 sa do bl\u00edzkeho tkaniva. [&hellip;]<\/p>\n","protected":false},"author":1,"featured_media":0,"parent":0,"menu_order":0,"comment_status":"closed","ping_status":"closed","template":"","meta":{"om_disable_all_campaigns":false,"_monsterinsights_skip_tracking":false,"_monsterinsights_sitenote_active":false,"_monsterinsights_sitenote_note":"","_monsterinsights_sitenote_category":0,"_uf_show_specific_survey":0,"_uf_disable_surveys":false,"footnotes":""},"class_list":["post-600","page","type-page","status-publish","hentry"],"aioseo_notices":[],"yoast_head":"<!-- This site is optimized with the Yoast SEO plugin v27.4 - https:\/\/yoast.com\/product\/yoast-seo-wordpress\/ -->\n<title>Vybran\u00e9 abnorm\u00e1lne cytologick\u00e9 n\u00e1lezy - PrenatalGyn Care<\/title>\n<meta name=\"robots\" content=\"index, follow, max-snippet:-1, max-image-preview:large, max-video-preview:-1\" \/>\n<link rel=\"canonical\" href=\"https:\/\/www.prenatalgyncare.sk\/?page_id=600\" \/>\n<meta property=\"og:locale\" content=\"sk_SK\" \/>\n<meta property=\"og:type\" content=\"article\" \/>\n<meta property=\"og:title\" content=\"Vybran\u00e9 abnorm\u00e1lne cytologick\u00e9 n\u00e1lezy - PrenatalGyn Care\" \/>\n<meta property=\"og:description\" content=\"ASC-US N\u00e1lez abnorm\u00e1lnych buniek v tkanive, ktor\u00e9 lemuj\u00fa vonkaj\u0161iu \u010das\u0165 kr\u010dka maternice. ASC-US je naj\u010dastej\u0161\u00edm abnorm\u00e1lnym cytologick\u00fdm n\u00e1lezom (z anglick\u00e9ho \u201eatypical squamous cells of undetermined significance\u201c). L-SIL Oblas\u0165 abnorm\u00e1lnych buniek, ktor\u00e9 v mikroskope vyzeraj\u00fa mierne abnorm\u00e1lne. N\u00e1lez L-SILsa \u010dasto uprav\u00ed bez lie\u010dby, ale niekedy sa m\u00f4\u017ee vyvin\u00fa\u0165 do rakoviny a roz\u0161\u00edri\u0165 sa do bl\u00edzkeho tkaniva. [&hellip;]\" \/>\n<meta property=\"og:url\" content=\"https:\/\/www.prenatalgyncare.sk\/?page_id=600\" \/>\n<meta property=\"og:site_name\" content=\"PrenatalGyn Care\" \/>\n<meta property=\"article:modified_time\" content=\"2025-05-21T12:50:40+00:00\" \/>\n<meta property=\"og:image\" content=\"https:\/\/www.prenatalgyncare.sk\/wp-content\/uploads\/2025\/05\/image.jpg\" \/>\n\t<meta property=\"og:image:width\" content=\"893\" \/>\n\t<meta property=\"og:image:height\" content=\"459\" \/>\n\t<meta property=\"og:image:type\" content=\"image\/jpeg\" \/>\n<meta name=\"twitter:card\" content=\"summary_large_image\" \/>\n<meta name=\"twitter:label1\" content=\"Predpokladan\u00fd \u010das \u010d\u00edtania\" \/>\n\t<meta name=\"twitter:data1\" content=\"1 min\u00fata\" \/>\n<script type=\"application\/ld+json\" class=\"yoast-schema-graph\">{\"@context\":\"https:\\\/\\\/schema.org\",\"@graph\":[{\"@type\":\"WebPage\",\"@id\":\"https:\\\/\\\/www.prenatalgyncare.sk\\\/?page_id=600\",\"url\":\"https:\\\/\\\/www.prenatalgyncare.sk\\\/?page_id=600\",\"name\":\"Vybran\u00e9 abnorm\u00e1lne cytologick\u00e9 n\u00e1lezy - PrenatalGyn Care\",\"isPartOf\":{\"@id\":\"https:\\\/\\\/www.prenatalgyncare.sk\\\/#website\"},\"primaryImageOfPage\":{\"@id\":\"https:\\\/\\\/www.prenatalgyncare.sk\\\/?page_id=600#primaryimage\"},\"image\":{\"@id\":\"https:\\\/\\\/www.prenatalgyncare.sk\\\/?page_id=600#primaryimage\"},\"thumbnailUrl\":\"https:\\\/\\\/www.prenatalgyncare.sk\\\/wp-content\\\/uploads\\\/2025\\\/05\\\/image.jpg\",\"datePublished\":\"2025-05-21T12:50:38+00:00\",\"dateModified\":\"2025-05-21T12:50:40+00:00\",\"breadcrumb\":{\"@id\":\"https:\\\/\\\/www.prenatalgyncare.sk\\\/?page_id=600#breadcrumb\"},\"inLanguage\":\"sk-SK\",\"potentialAction\":[{\"@type\":\"ReadAction\",\"target\":[\"https:\\\/\\\/www.prenatalgyncare.sk\\\/?page_id=600\"]}]},{\"@type\":\"ImageObject\",\"inLanguage\":\"sk-SK\",\"@id\":\"https:\\\/\\\/www.prenatalgyncare.sk\\\/?page_id=600#primaryimage\",\"url\":\"https:\\\/\\\/www.prenatalgyncare.sk\\\/wp-content\\\/uploads\\\/2025\\\/05\\\/image.jpg\",\"contentUrl\":\"https:\\\/\\\/www.prenatalgyncare.sk\\\/wp-content\\\/uploads\\\/2025\\\/05\\\/image.jpg\",\"width\":893,\"height\":459},{\"@type\":\"BreadcrumbList\",\"@id\":\"https:\\\/\\\/www.prenatalgyncare.sk\\\/?page_id=600#breadcrumb\",\"itemListElement\":[{\"@type\":\"ListItem\",\"position\":1,\"name\":\"Home\",\"item\":\"https:\\\/\\\/www.prenatalgyncare.sk\\\/\"},{\"@type\":\"ListItem\",\"position\":2,\"name\":\"Vybran\u00e9 abnorm\u00e1lne cytologick\u00e9 n\u00e1lezy\"}]},{\"@type\":\"WebSite\",\"@id\":\"https:\\\/\\\/www.prenatalgyncare.sk\\\/#website\",\"url\":\"https:\\\/\\\/www.prenatalgyncare.sk\\\/\",\"name\":\"PrenatalGyn Care\",\"description\":\"\",\"publisher\":{\"@id\":\"https:\\\/\\\/www.prenatalgyncare.sk\\\/#organization\"},\"potentialAction\":[{\"@type\":\"SearchAction\",\"target\":{\"@type\":\"EntryPoint\",\"urlTemplate\":\"https:\\\/\\\/www.prenatalgyncare.sk\\\/?s={search_term_string}\"},\"query-input\":{\"@type\":\"PropertyValueSpecification\",\"valueRequired\":true,\"valueName\":\"search_term_string\"}}],\"inLanguage\":\"sk-SK\"},{\"@type\":\"Organization\",\"@id\":\"https:\\\/\\\/www.prenatalgyncare.sk\\\/#organization\",\"name\":\"PrenatalGyn Care\",\"url\":\"https:\\\/\\\/www.prenatalgyncare.sk\\\/\",\"logo\":{\"@type\":\"ImageObject\",\"inLanguage\":\"sk-SK\",\"@id\":\"https:\\\/\\\/www.prenatalgyncare.sk\\\/#\\\/schema\\\/logo\\\/image\\\/\",\"url\":\"https:\\\/\\\/www.prenatalgyncare.sk\\\/wp-content\\\/uploads\\\/2024\\\/06\\\/cropped-LOGO-PGC-s-nazvom.png\",\"contentUrl\":\"https:\\\/\\\/www.prenatalgyncare.sk\\\/wp-content\\\/uploads\\\/2024\\\/06\\\/cropped-LOGO-PGC-s-nazvom.png\",\"width\":512,\"height\":512,\"caption\":\"PrenatalGyn Care\"},\"image\":{\"@id\":\"https:\\\/\\\/www.prenatalgyncare.sk\\\/#\\\/schema\\\/logo\\\/image\\\/\"}}]}<\/script>\n<!-- \/ Yoast SEO plugin. -->","yoast_head_json":{"title":"Vybran\u00e9 abnorm\u00e1lne cytologick\u00e9 n\u00e1lezy - PrenatalGyn Care","robots":{"index":"index","follow":"follow","max-snippet":"max-snippet:-1","max-image-preview":"max-image-preview:large","max-video-preview":"max-video-preview:-1"},"canonical":"https:\/\/www.prenatalgyncare.sk\/?page_id=600","og_locale":"sk_SK","og_type":"article","og_title":"Vybran\u00e9 abnorm\u00e1lne cytologick\u00e9 n\u00e1lezy - PrenatalGyn Care","og_description":"ASC-US N\u00e1lez abnorm\u00e1lnych buniek v tkanive, ktor\u00e9 lemuj\u00fa vonkaj\u0161iu \u010das\u0165 kr\u010dka maternice. ASC-US je naj\u010dastej\u0161\u00edm abnorm\u00e1lnym cytologick\u00fdm n\u00e1lezom (z anglick\u00e9ho \u201eatypical squamous cells of undetermined significance\u201c). L-SIL Oblas\u0165 abnorm\u00e1lnych buniek, ktor\u00e9 v mikroskope vyzeraj\u00fa mierne abnorm\u00e1lne. N\u00e1lez L-SILsa \u010dasto uprav\u00ed bez lie\u010dby, ale niekedy sa m\u00f4\u017ee vyvin\u00fa\u0165 do rakoviny a roz\u0161\u00edri\u0165 sa do bl\u00edzkeho tkaniva. [&hellip;]","og_url":"https:\/\/www.prenatalgyncare.sk\/?page_id=600","og_site_name":"PrenatalGyn Care","article_modified_time":"2025-05-21T12:50:40+00:00","og_image":[{"width":893,"height":459,"url":"https:\/\/www.prenatalgyncare.sk\/wp-content\/uploads\/2025\/05\/image.jpg","type":"image\/jpeg"}],"twitter_card":"summary_large_image","twitter_misc":{"Predpokladan\u00fd \u010das \u010d\u00edtania":"1 min\u00fata"},"schema":{"@context":"https:\/\/schema.org","@graph":[{"@type":"WebPage","@id":"https:\/\/www.prenatalgyncare.sk\/?page_id=600","url":"https:\/\/www.prenatalgyncare.sk\/?page_id=600","name":"Vybran\u00e9 abnorm\u00e1lne cytologick\u00e9 n\u00e1lezy - PrenatalGyn Care","isPartOf":{"@id":"https:\/\/www.prenatalgyncare.sk\/#website"},"primaryImageOfPage":{"@id":"https:\/\/www.prenatalgyncare.sk\/?page_id=600#primaryimage"},"image":{"@id":"https:\/\/www.prenatalgyncare.sk\/?page_id=600#primaryimage"},"thumbnailUrl":"https:\/\/www.prenatalgyncare.sk\/wp-content\/uploads\/2025\/05\/image.jpg","datePublished":"2025-05-21T12:50:38+00:00","dateModified":"2025-05-21T12:50:40+00:00","breadcrumb":{"@id":"https:\/\/www.prenatalgyncare.sk\/?page_id=600#breadcrumb"},"inLanguage":"sk-SK","potentialAction":[{"@type":"ReadAction","target":["https:\/\/www.prenatalgyncare.sk\/?page_id=600"]}]},{"@type":"ImageObject","inLanguage":"sk-SK","@id":"https:\/\/www.prenatalgyncare.sk\/?page_id=600#primaryimage","url":"https:\/\/www.prenatalgyncare.sk\/wp-content\/uploads\/2025\/05\/image.jpg","contentUrl":"https:\/\/www.prenatalgyncare.sk\/wp-content\/uploads\/2025\/05\/image.jpg","width":893,"height":459},{"@type":"BreadcrumbList","@id":"https:\/\/www.prenatalgyncare.sk\/?page_id=600#breadcrumb","itemListElement":[{"@type":"ListItem","position":1,"name":"Home","item":"https:\/\/www.prenatalgyncare.sk\/"},{"@type":"ListItem","position":2,"name":"Vybran\u00e9 abnorm\u00e1lne cytologick\u00e9 n\u00e1lezy"}]},{"@type":"WebSite","@id":"https:\/\/www.prenatalgyncare.sk\/#website","url":"https:\/\/www.prenatalgyncare.sk\/","name":"PrenatalGyn Care","description":"","publisher":{"@id":"https:\/\/www.prenatalgyncare.sk\/#organization"},"potentialAction":[{"@type":"SearchAction","target":{"@type":"EntryPoint","urlTemplate":"https:\/\/www.prenatalgyncare.sk\/?s={search_term_string}"},"query-input":{"@type":"PropertyValueSpecification","valueRequired":true,"valueName":"search_term_string"}}],"inLanguage":"sk-SK"},{"@type":"Organization","@id":"https:\/\/www.prenatalgyncare.sk\/#organization","name":"PrenatalGyn Care","url":"https:\/\/www.prenatalgyncare.sk\/","logo":{"@type":"ImageObject","inLanguage":"sk-SK","@id":"https:\/\/www.prenatalgyncare.sk\/#\/schema\/logo\/image\/","url":"https:\/\/www.prenatalgyncare.sk\/wp-content\/uploads\/2024\/06\/cropped-LOGO-PGC-s-nazvom.png","contentUrl":"https:\/\/www.prenatalgyncare.sk\/wp-content\/uploads\/2024\/06\/cropped-LOGO-PGC-s-nazvom.png","width":512,"height":512,"caption":"PrenatalGyn Care"},"image":{"@id":"https:\/\/www.prenatalgyncare.sk\/#\/schema\/logo\/image\/"}}]}},"_links":{"self":[{"href":"https:\/\/www.prenatalgyncare.sk\/index.php?rest_route=\/wp\/v2\/pages\/600","targetHints":{"allow":["GET"]}}],"collection":[{"href":"https:\/\/www.prenatalgyncare.sk\/index.php?rest_route=\/wp\/v2\/pages"}],"about":[{"href":"https:\/\/www.prenatalgyncare.sk\/index.php?rest_route=\/wp\/v2\/types\/page"}],"author":[{"embeddable":true,"href":"https:\/\/www.prenatalgyncare.sk\/index.php?rest_route=\/wp\/v2\/users\/1"}],"replies":[{"embeddable":true,"href":"https:\/\/www.prenatalgyncare.sk\/index.php?rest_route=%2Fwp%2Fv2%2Fcomments&post=600"}],"version-history":[{"count":1,"href":"https:\/\/www.prenatalgyncare.sk\/index.php?rest_route=\/wp\/v2\/pages\/600\/revisions"}],"predecessor-version":[{"id":602,"href":"https:\/\/www.prenatalgyncare.sk\/index.php?rest_route=\/wp\/v2\/pages\/600\/revisions\/602"}],"wp:attachment":[{"href":"https:\/\/www.prenatalgyncare.sk\/index.php?rest_route=%2Fwp%2Fv2%2Fmedia&parent=600"}],"curies":[{"name":"wp","href":"https:\/\/api.w.org\/{rel}","templated":true}]}}